{"id":1204,"date":"2020-01-31T09:59:44","date_gmt":"2020-01-31T08:59:44","guid":{"rendered":"http:\/\/oihana.eu\/?page_id=1204"},"modified":"2020-01-31T13:51:13","modified_gmt":"2020-01-31T12:51:13","slug":"offre","status":"publish","type":"page","link":"https:\/\/oihana.eu\/index.php\/offre\/","title":{"rendered":"Gestion de projets"},"content":{"rendered":"\n<p>L\u2019accompagnement de nos clients dans le choix de solutions pertinentes r\u00e9pondant \u00e0 leurs besoins et \u00e0 leurs contraintes (op\u00e9rationnelles et\/ou financi\u00e8res La direction de projets complexes impliquant une forte composante li\u00e9e \u00e0 la s\u00e9curit\u00e9 des syst\u00e8mes Le product management \/ product ownership \/ gestion d\u2019\u00e9quipes techniques pour int\u00e9grer ces \u00e9l\u00e9ments\u2026<\/p>\n","protected":false},"excerpt":{"rendered":"<p>L\u2019accompagnement de nos clients dans le choix de solutions pertinentes r\u00e9pondant \u00e0 leurs besoins et \u00e0 leurs contraintes (op\u00e9rationnelles et\/ou financi\u00e8res La direction de projets complexes impliquant une forte composante li\u00e9e \u00e0 la s\u00e9curit\u00e9 des syst\u00e8mes Le product management \/ product ownership \/ gestion d\u2019\u00e9quipes techniques pour int\u00e9grer ces \u00e9l\u00e9ments\u2026<\/p>\n","protected":false},"author":1,"featured_media":0,"parent":0,"menu_order":0,"comment_status":"closed","ping_status":"closed","template":"","meta":[],"_links":{"self":[{"href":"https:\/\/oihana.eu\/index.php\/wp-json\/wp\/v2\/pages\/1204"}],"collection":[{"href":"https:\/\/oihana.eu\/index.php\/wp-json\/wp\/v2\/pages"}],"about":[{"href":"https:\/\/oihana.eu\/index.php\/wp-json\/wp\/v2\/types\/page"}],"author":[{"embeddable":true,"href":"https:\/\/oihana.eu\/index.php\/wp-json\/wp\/v2\/users\/1"}],"replies":[{"embeddable":true,"href":"https:\/\/oihana.eu\/index.php\/wp-json\/wp\/v2\/comments?post=1204"}],"version-history":[{"count":2,"href":"https:\/\/oihana.eu\/index.php\/wp-json\/wp\/v2\/pages\/1204\/revisions"}],"predecessor-version":[{"id":1222,"href":"https:\/\/oihana.eu\/index.php\/wp-json\/wp\/v2\/pages\/1204\/revisions\/1222"}],"wp:attachment":[{"href":"https:\/\/oihana.eu\/index.php\/wp-json\/wp\/v2\/media?parent=1204"}],"curies":[{"name":"wp","href":"https:\/\/api.w.org\/{rel}","templated":true}]}}